 to base 12.
-a9
What is 1235 (base 6) in base 7?
623
What is 135726 (base 8) in base 10?
48086
Convert 4001 (base 11) to base 15.
18a0
Convert 1001101001000 (base 2) to base 9.
6684
What is 1511 (base 6) in base 16?
193
What is -6435 (base 9) in base 12?
-28a2
9181 (base 14) to base 6
311433
Convert b214 (base 14) to base 10.
30594
Convert -46342 (base 9) to base 3.
-1120101102
What is 2000021 (base 3) in base 6?
10441
-11110101 (base 2) to base 8
-365
What is -5145 (base 6) in base 10?
-1145
-280 (base 10) to base 11
-235
-215514 (base 6) to base 8
-43306
Convert -66031 (base 8) to base 14.
-a129
-14575 (base 8) to base 15
-1e00
11101 (base 6) to base 13
922
Convert 6690 (base 12) to base 13.
5214
Convert 25626 (base 7) to base 9.
10330
1541 (base 10) to base 15
6cb
What is 666 (base 8) in base 10?
438
Convert 10000101100000 (base 2) to base 8.
20540
Convert -10112 (base 3) to base 13.
-74
13345 (base 6) to base 13
c41
Convert 1835 (base 11) to base 13.
10aa
Convert -10857 (base 12) to base 15.
-678a
-b3a (base 16) to base 11
-2183
Convert -25702 (base 9) to base 5.
-1023321
Convert -4342 (base 6) to base 12.
-6b2
Convert ba2 (base 15) to base 5.
41002
Convert 3230031 (base 5) to base 9.
83418
Convert -2406 (base 13) to base 2.
-1001111010100
What is 121535 (base 6) in base 13?
4baa
-499 (base 12) to base 11
-580
What is -162202 (base 7) in base 16?
-7cff
Convert 23232 (base 5) to base 12.
b90
-2022031 (base 4) to base 14
-331b
What is -4456 (base 10) in base 12?
-26b4
Convert -20012020 (base 3) to base 12.
-2743
Convert -ca5 (base 13) to base 10.
-2163
What is 23410 (base 5) in base 11?
1333
What is d3 (base 16) in base 11?
182
What is -112022 (base 3) in base 12?
-282
-5205 (base 10) to base 7
-21114
-576 (base 15) to base 2
-10011010100
What is -20a57 (base 11) in base 15?
-90be
Convert -21232312 (base 4) to base 3.
-2000200101
-1040114 (base 5) to base 11
-12709
2311 (base 9) to base 15
791
What is 9c3 (base 14) in base 5?
30220
-322 (base 16) to base 12
-56a
1132 (base 4) to base 2
1011110
What is -41a (base 14) in base 5?
-11213
What is 609 (base 15) in base 12?
953
What is -29a2 (base 16) in base 4?
-2212202
-11010001100101 (base 2) to base 8
-32145
-1338 (base 10) to base 7
-3621
Convert -2061 (base 7) to base 16.
-2d9
What is -431 (base 9) in base 5?
-2402
Convert 221120012 (base 3) to base 12.
a94b
What is 605 (base 10) in base 4?
21131
b5b (base 13) to base 10
1935
27076 (base 9) to base 13
8433
What is -533325 (base 6) in base 15?
-cd7b
Convert 3264 (base 8) to base 13.
a20
100345 (base 7) to base 11
11843
Convert 551b (base 12) to base 3.
110212112
What is 1100000100011 (base 2) in base 4?
1200203
What is -7036 (base 11) in base 9?
-13745
-2014 (base 7) to base 2
-1010111001
-88 (base 13) to base 4
-1300
Convert 1161 (base 10) to base 12.
809
1191b (base 12) to base 6
302035
1388 (base 10) to base 3
1220102
What is 1102020 (base 3) in base 4?
100020
What is 221b (base 15) in base 16?
1c3a
-1603 (base 7) to base 8
-1200
13441 (base 6) to base 10
2113
Convert -1055 (base 11) to base 3.
-1220112
Convert 110110100 (base 2) to base 9.
534
What is 106737 (base 9) in base 11?
44114
4163 (base 7) to base 3
2000022
101102212 (base 3) to base 16
1dba
Convert 2258 (base 12) to base 13.
1973
210022022 (base 3) to base 15
4908
What is 1748 (base 14) in base 4?
1001110
Convert 1102 (base 9) to base 4.
30230
110211110 (base 3) to base 2
10010010001010
Convert -312 (base 9) to base 11.
-211
What is -111202220 (base 3) in base 7?
-41163
Convert -3cf (base 16) to base 4.
-33033
20247 (base 8) to base 6
102411
Convert 33231 (base 6) to base 13.
214c
What is -250 (base 14) in base 9?
-563
Convert -41 (base 14) to base 6.
-133
What is -121110 (base 3) in base 13?
-282
-1836 (base 11) to base 13
-10ab
What is 4420 (base 5) in base 15?
2aa
-110221 (base 5) to base 14
-1563
What is -457 (base 10) in base 11?
-386
What is b185 (base 15) in base 16?
9263
What is 440311 (base 6) in base 8?
107063
Convert -10012012 (base 3) to base 13.
-10a0
What is 4d0c (base 16) in base 6?
231152
Convert 8757 (base 14) to base 2.
101101101101001
What is -1043 (base 6) in base 5?
-1433
Convert -214 (base 10) to base 15.
-e4
What is 1364 (base 9) in base 6?
4434
Convert 7c82 (base 14) to base 16.
54aa
28127 (base 9) to base 3
222010221
What is 20121202 (base 3) in base 14?
1a8a
Convert -3116 (base 16) to base 14.
-4818
What is 3443 (base 6) in base 14?
427
What is -5fe1 (base 16) in base 13?
-b231
1200343 (base 5) to base 4
11113111
Convert 26 (base 9) to base 11.
22
What is -101001100001000 (base 2) in base 4?
-11030020
2210123 (base 4) to base 8
24433
What is 480 (base 11) in base 8?
1074
-29246 (base 11) to base 7
-232101
a77 (base 13) to base 12
1050
-10210132 (base 4) to base 15
-582d
Convert 100200 (base 3) to base 10.
261
What is 45037 (base 8) in base 12?
ab93
Convert -3950 (base 12) to base 10.
-6540
Convert 3887 (base 9) to base 15.
ce4
Convert -512 (base 14) to base 6.
-4340
5333 (base 8) to base 2
101011011011
What is 66362 (base 9) in base 2?
1010110000000111
What is -3116 (base 10) in base 14?
-11c8
-4464 (base 7) to base 6
-11250
3088 (base 9) to base 2
100011011011
Convert -322332 (base 4) to base 10.
-3774
3002 (base 7) to base 3
1102012
What is -350 (base 12) in base 10?
-492
1100001001 (base 2) to base 16
309
What is 344400 (base 5) in base 10?
12475
Convert -652 (base 7) to base 5.
-2311
Convert 2953 (base 11) to base 3.
12020002
Convert -10 (base 16) to base 8.
-20
-3f2b (base 16) to base 2
-11111100101011
Convert -10d (base 16) to base 3.
-100222
Convert 1649 (base 11) to base 14.
aaa
Convert -141312 (base 5) to base 4.
-1123020
-358 (base 12) to base 4
-13310
What is -82 (base 11) in base 12?
-76
Convert 42224 (base 6) to base 4.
1121020
Convert 3170 (base 10) to base 3.
11100102
Convert -132c3 (base 14) to base 6.
-1002323
50ab (base 16) to base 3
1001022212
What is ecd (base 16) in base 11?
2935
What is -7a7 (base 16) in base 7?
-5466
-2710 (base 10) to base 15
-c0a
What is -33223 (base 4) in base 11?
-832
Convert e21 (base 15) to base 6.
22421
What is 1000010011 (base 2) in base 4?
20103
Convert -5c98 (base 13) to base 14.
-4b06
What is aa39 (base 11) in base 13?
6822
Convert -26013 (base 7) to base 13.
-3186
Convert -10430 (base 8) to base 13.
-1cb8
What is -8620 (base 9) in base 10?
-6336
568 (base 11) to base 9
834
What is -2677 (base 9) in base 16?
-7de
Convert -822b (base 12) to base 9.
-21358
-1800 (base 14) to base 5
-114222
What is 14 (base 7) in base 16?
b
Convert 13200 (base 5) to base 6.
4510
What is 4815 (base 9) in base 12?
20a2
Convert 3004 (base 15) to base 9.
14804
What is 402 (base 14) in base 11?
655
What is -218 (base 15) in base 12?
-335
Convert -957 (base 13) to base 2.
-11000111001
Convert 1322 (base 10) to base 7.
3566
What is 2609 (base 11) in base 14?
1349
Convert 1000110000 (base 2) to base 5.
4220
What is 10110012 (base 3) in base 11?
1988
What is 7a88 (base 16) in base 10?
31368
1212210 (base 4) to base 2
1100110100100
What is -347 (base 10) in base 2?
-101011011
Convert -962 (base 13) to base 4.
-121001
What is 30884 (base 9) in base 16?
4fb7
What is -133 (base 9) in base 2?
-1101111
Convert -1364 (base 12) to base 3.
-10001211
Convert -1442 (base 5) to base 14.
-139
-4566 (base 10) to base 4
-1013112
Convert -393 (base 13) to base 8.
-1163
Convert -20063 (base 7) to base 4.
-1023233
What is -10bd (base 14) in base 12?
-1827
305b (base 12) to base 7
21215
What is 675 (base 16) in base 11?
1273
23410 (base 5) to base 8
3302
What is a88 (base 13) in base 3?
2110202
Convert -13086 (base 12) to base 6.
-320250
What is -4824 (base 9) in base 14?
-1442
389 (base 11) to base 8
714
What is -10452 (base 8) in base 15?
-147e
11744 (base 8) to base 5
130332
Convert 17542 (base 8) to base 2.
1111101100010
Convert -5164 (base 7) to base 12.
-106a
What is -40343 (base 5) in base 14?
-d38
180b (base 13) to base 2
110111101000
715 (base 10) to base 13
430
Convert 2322 (base 7) to base 8.
1521
What is 1123102 (base 4) in base 14?
21b4
Convert -148a (base 11) to base 5.
-30123
-1637 (base 11) to base 6
-13413
1dc (base 15) to base 5
3212
Convert 2ed (base 15) to base 16.
2a1
-50a (base 12) to base 4
-23122
10101001011111 (base 2) t